32)/50)/16). Suppose -y*a - 2*w + 8 = w, 12 = -3*w. Calculate the greatest common factor of a and 164.
4
Let w(f) = -f**2 - 11*f - 20. Let m be w(-3). Suppose m*k - x = 549, x + 0*x = -k + 131. Calculate the highest common factor of k and 170.
34
Let d = 54 - 2. Let a be (338/39)/(2 + (-92)/48). Calculate the highest common factor of d and a.
52
Let d be 364/(-4) + (4 - 2). Let m = -71 - d. Let p = -76 + 82. Calculate the greatest common divisor of p and m.
6
Suppose -5*v = -2*m - 327, m + m = 2*v - 126. Calculate the greatest common divisor of v and 67.
67
Suppose -59*u + 24*u + 133 = 98*u. Let b = 6 - 3. Let w be (b - 1) + (-1 - -3). Calculate the greatest common factor of w and u.
1
Let m(z) = -z**2 + 39*z - 58. Let b be m(24). Calculate the greatest common factor of 2 and b.
2
Let m = -152 - -322. Suppose -35*u = -40*u + m. Calculate the greatest common factor of u and 153.
17
Suppose 2*r + 2*r - 24 = 0. Let m be (r - 0)*(-1 + -5). Let z = -27 - m. What is the greatest common factor of z and 6?
3
Suppose 1188*n = 1185*n - 3*l + 9, -5*n + l + 33 = 0. What is the highest common factor of n and 8706?
6
Let y = -5972 + 6622. What is the greatest common divisor of y and 20?
10
Let n(q) = -q**2 - 48*q - 127. Let y be n(-3). Suppose 30 = 2*z + b - 6*b, -6 = -3*b. Calculate the greatest common factor of z and y.
4
Suppose 3*m - 14 = -2*v, -5*m + 37 = -m - v. Let j(g) = 5 - 32*g + m + 86*g + 5. Let d be j(7). Calculate the highest common factor of d and 36.
36
Suppose -4*y + 44 = -4*q + 12, -5*y = -25. Let w be (-492)/(-18) + 1/q. What is the greatest common factor of w and 189?
27
Let t(n) = 5*n**2 + 3*n + 2. Let s be t(-2). Suppose s + 12 = 7*a. Suppose -j = -3, -a*k + 72 = -0*k - 4*j. What is the greatest common divisor of k and 147?
21
Let c be (0 - (-2)/2)*18. Let p = 134 - 72. Let z = p - 60. What is the highest common factor of c and z?
2
Let k be 7/(-2)*(-6072)/132. What is the highest common divisor of k and 736?
23
Suppose 2*x + 446 + 100 = 5*h, -3*h - 2*x = -334. Suppose -3*s - 5*j + h = 0, s + 5*j + 57 = 107. Calculate the greatest common factor of s and 480.
30
Suppose -34*x + 169 = -1871. Suppose 5*j - 194 = -4*f + 3*j, -3*f - j = -145. Calculate the greatest common divisor of f and x.
12
Let p be (-5)/20*0/(-7). Suppose -4*c - 3*j + 407 = p, 4*c - 4*j + 0*j - 428 = 0. Calculate the highest common divisor of c and 56.
8
Let y(h) = 12*h**2 - h. Let p be y(-2). Let s = p - 26. Let u be (1 - s/9)*-3. Calculate the highest common divisor of 1 and u.
1
Let h = 913 - 889. Calculate the greatest common divisor of 1236 and h.
12
Suppose 38*i - p - 498 = 36*i, 0 = 2*i - 4*p - 504. Calculate the greatest common factor of 40 and i.
8
Suppose -2*x - b + 197 = 0, 4*x - 3*x + 2*b - 106 = 0. Suppose x = 2*p + 24. What is the highest common divisor of p and 36?
36
Let w(u) = 7*u**2 + 362*u + 4251. Let k be w(-12). Calculate the highest common factor of k and 15.
15
Let q be (-5)/(0 + (-3)/6). Let l(z) = 3*z - 1. Let b be l(2). Let i be (-26 + 18)*(-1 - 0)*b. Calculate the highest common divisor of q and i.
10
Suppose 0 = 3*b - 106 + 85, -3*a + 29704 = b. Calculate the highest common divisor of a and 57.
19
Let v(w) = 112*w + 30. Let c be v(-2). Let o = -181 - c. Calculate the highest common factor of o and 52.
13
Suppose -p = -3*o - o + 27, 9 = o - p. Let b be o/(-12) + 185/2. Suppose 26*z + b = 30*z. What is the highest common divisor of z and 23?
23
Let p = 2 - -5. Suppose 9*s - 2*b = 6*s + 190, -3*s + 187 = -5*b. Suppose 6*w = 62 + s. What is the greatest common factor of p and w?
7
Suppose 2697*n - 210134 - 187728 = 47143. Let c(r) = 4*r**2 + 4*r - 4. Let h be c(7). Calculate the greatest common divisor of n and h.
55
Let t(a) = 6*a + 31. Let d be t(-5). Let h = -131 + 132. Calculate the greatest common factor of h and d.
1
Let n be -6*((-1 - 2) + -18). Let b be 2462/(-6155) + 52/5 + -1. What is the greatest common factor of n and b?
9
Let j = 242 - 107. Suppose 25*z - j = 20*z. Let h be (54/63)/((-2)/(-42)). Calculate the highest common divisor of h and z.
9
Suppose -4*o - 5*w = -153, 3*o = -0*o - 4*w + 114. Suppose 5*k - 6*a - 933 = 0, 8*a - 13*a + 388 = 2*k. What is the greatest common divisor of k and o?
21
Let f be (5/(-2))/(((-11)/((-39886)/28))/(-28)). What is the greatest common divisor of f and 70?
35
Let x = -253 + 258. Suppose -4*c - 3*f = -148, 3 = c - x*f - 57. Let h = 2 + 3. What is the highest common divisor of h and c?
5
Let t = -2722 + 2769. Let d be (-19)/38 - (-1787)/2. Calculate the greatest common divisor of t and d.
47
Suppose 135*z - 15708 = -19*z. Calculate the highest common factor of 238 and z.
34
Let c be 16 + 0 - 4/2. Let f = -694 - -701. Suppose -4*k = 16, -f*t + 8*t = 3*k + 26. Calculate the highest common divisor of c and t.
14
Let d(b) = 12*b - 21. Let f = -137 - -146. Let m be d(f). What is the greatest common divisor of 29 and m?
29
Let a(s) = -2*s**2 - 169*s + 259. Let y be a(-72). What is the highest common factor of y and 71?
71
Let o be ((-175272)/(-231) + 2/(-11))/(3/14). Calculate the highest common divisor of 60 and o.
60
Let h(y) = 7*y**2 - 12*y - 377. Let p be h(48). What is the highest common factor of 25 and p?
25
Let g(q) = -289 + 3*q + 140 + 146. Let w be g(2). What is the highest common factor of w and 8?
1
Let s = -148 + 151. Suppose 0 = 3*d + 3*l - 213, -88 = -s*d + 3*l + 107. Calculate the highest common divisor of 51 and d.
17
Let x = 9104 - 9096. Let r(g) = -g + 14. Suppose 3*l - 8*l + 30 = 0. Let z be r(l). Calculate the greatest common factor of z and x.
8
Let m(d) = d + 20. Let v be m(8). Suppose 0 = -y - 31 - v. Let a = y - -71. Calculate the highest common factor of 9 and a.
3
Suppose -5*p + 25 = 0, -8*r + 4*r + 215 = -5*p. Let v be -2*(-57)/6 + -1. Let q be v/(-63) - (-212)/7. Calculate the greatest common divisor of r and q.
30
Let y = 21662 + -21534. Calculate the greatest common factor of y and 904.
8
Suppose -5*m = 3*m - 144. Let h = -13 + m. Suppose -h*v = 29 - 94. Calculate the highest common divisor of 169 and v.
13
Let x(n) = 5*n + 192. Let j be x(-35). Suppose 1281 = j*k - 9412. What is the greatest common divisor of k and 17?
17
Suppose 0 = 3*i - 5*i + 4*n + 184, 0 = 2*i + 4*n - 144. Let v = -1232 + 1642. What is the highest common divisor of i and v?
82
Let a(k) = 7*k**2 + k + 4. Let q be a(4). Let u be 11 + -2*(12 + -14). Calculate the greatest common divisor of u and q.
15
Let t be 2 - 15/6 - 14*(-28)/16. What is the highest common divisor of 824 and t?
8
Suppose 109*x - 15984 = -442*x + 107*x. Let a be (-4)/6 - (-382)/6. What is the greatest common factor of a and x?
9
Let f = -100 + 160. Let o be (2 - (-21)/(-6))/((-45)/f). Let a(z) = -z**2 + 16*z - 34. Let c be a(10). What is the greatest common divisor of c and o?
2
Suppose 13*d + 21 = 20*d. Suppose o - 56 = -3*g, d*o - 7 = -g + 1. Let z be 1*g*(24/10)/6. Calculate the greatest common factor of 24 and z.
8
Suppose -30*x = 20*x - 5036 - 19364. What is the highest common divisor of x and 648?
8
Suppose -687*u = -681*u + 5*d - 53, -3*u = 3*d - 21. Suppose r = 144 - 54. Calculate the highest common factor of r and u.
18
Let p(d) = d**3 + 11*d**2 + 13*d - 2. Suppose 15*l = 19 - 154. Let i be p(l). What is the highest common factor of i and 645?
43
Let y(g) be the second derivative of g**4/12 + 8*g**3/3 - 9*g**2/2 + 3*g + 14. Let o be y(-15). Let z = 267 + o. What is the greatest common factor of z and 27?
27
Let n(f) be the third derivative of -f**6/120 + f**5/6 + 7*f**4/12 - 28*f**3/3 - f**2 + 12. Let k be n(10). Calculate the highest common divisor of k and 108.
12
Suppose -4*w = 5*q - 349, 802 - 432 = 4*w + 2*q. What is the highest common factor of w and 3000?
24
Suppose 49658 = 5*g + 4*s, -106*g + 2*s = -115*g + 89348. What is the highest common divisor of g and 42?
14
Let y be 1*((-1 - -1) + 27). Let u be (-1)/(-6) - (-65)/78. Let g(x) = 53*x**2 + x. Let w be g(u). What is the highest common factor of w and y?
27
Suppose -t + 5*d - 6 = -67, 0 = 5*d + 25. Suppose 38*i - t*i - 20 = 0. Let f(k) = -5*k - 1. Let c be f(-1). Calculate the greatest common divisor of i and c.
2
Let w = 1604 - -28302. Calculate the greatest common divisor of 38 and w.
38
Let w(o) = -57*o**3 - 2*o**2 - 2*o - 1. Let r be w(-1). Let k(b) = -91*b